nd 36.
12
Calculate the highest common factor of 32944 and 25793093.
2059
What is the highest common factor of 801515 and 47905?
715
Calculate the highest common divisor of 266835910 and 17050.
3410
What is the highest common factor of 1367 and 1639873705?
1367
What is the highest common divisor of 867374 and 562820?
526
What is the highest common divisor of 79007188 and 21996?
2444
What is the greatest common factor of 1661 and 484?
11
What is the greatest common factor of 527293 and 8554?
611
Calculate the highest common factor of 873 and 820551.
3
What is the highest common divisor of 26 and 278579886?
26
Calculate the greatest common divisor of 59683 and 1166114.
4591
Calculate the highest common divisor of 3892 and 219086.
14
Calculate the greatest common factor of 708203821 and 7358.
3679
What is the greatest common factor of 2480064 and 256?
64
Calculate the highest common divisor of 1760 and 2044160.
160
Calculate the highest common divisor of 149723910 and 10290.
1470
What is the highest common divisor of 435 and 1248726?
3
Calculate the highest common divisor of 13614739 and 884.
17
What is the highest common divisor of 3240765 and 2035?
55
What is the highest common divisor of 72524 and 1546?
2
What is the greatest common divisor of 196607 and 386?
1
What is the highest common divisor of 1502 and 616811320?
1502
Calculate the greatest common factor of 187392 and 2640.
48
What is the highest common factor of 1204566 and 924?
66
Calculate the greatest common divisor of 8 and 5867288.
8
What is the highest common divisor of 402 and 13189620?
402
Calculate the highest common factor of 44050 and 15293279.
881
What is the highest common divisor of 3216 and 8685648?
48
What is the highest common divisor of 14670228 and 1932?
276
What is the greatest common divisor of 453 and 763156416?
453
What is the greatest common factor of 19752 and 706008?
24
Calculate the highest common factor of 12124 and 11325548.
1732
Calculate the highest common factor of 3383 and 2967214.
17
What is the greatest common divisor of 748256 and 19544?
2792
Calculate the greatest common divisor of 19716 and 911398388.
6572
Calculate the highest common divisor of 59 and 110414783.
59
Calculate the greatest common divisor of 42080 and 130880.
160
What is the greatest common divisor of 867150189 and 9?
9
What is the highest common factor of 492072 and 238728?
4872
What is the highest common factor of 78581772 and 486?
54
Calculate the greatest common divisor of 339 and 29321127.
339
Calculate the highest common divisor of 629 and 2240464.
17
Calculate the greatest common divisor of 48832 and 60670708.
3052
What is the greatest common divisor of 14120 and 366440?
40
What is the greatest common factor of 1092616 and 95944?
1432
Calculate the greatest common factor of 1178881 and 6094.
11
What is the greatest common factor of 58025918 and 2162?
2162
Calculate the greatest common divisor of 81 and 1002321.
27
Calculate the highest common divisor of 317528 and 5168.
152
Calculate the greatest common divisor of 16 and 139184672.
16
What is the greatest common factor of 135723675 and 6225?
6225
What is the greatest common factor of 252 and 287987?
7
What is the greatest common divisor of 11037 and 68432?
13
Calculate the highest common factor of 202 and 71876852.
202
What is the highest common factor of 80 and 674780?
20
What is the highest common factor of 19791957 and 2895?
579
Calculate the highest common factor of 1072615 and 3485.
85
What is the greatest common divisor of 309834 and 30506?
14
Calculate the highest common divisor of 116636 and 2080.
52
Calculate the highest common divisor of 75928 and 5.
1
What is the greatest common factor of 892392 and 888060?
4332
What is the greatest common factor of 3524578 and 534?
178
What is the highest common divisor of 46 and 224045231?
23
What is the greatest common divisor of 105108530 and 10?
10
What is the greatest common divisor of 6847 and 2408381?
41
Calculate the highest common factor of 18139 and 5245469.
1649
What is the highest common divisor of 2 and 108135778?
2
What is the highest common factor of 3235044 and 852?
852
Calculate the highest common divisor of 165 and 10863369.
33
Calculate the highest common divisor of 390209325 and 32265.
3585
Calculate the highest common divisor of 305511212 and 40292.
5756
Calculate the highest common divisor of 22 and 18160527.
11
Calculate the greatest common divisor of 2472 and 71476026.
618
Calculate the greatest common factor of 2395 and 32572.
479
Calculate the highest common factor of 3421 and 200911909.
3421
What is the highest common factor of 314329811 and 29?
29
Calculate the highest common factor of 7619 and 26011.
19
Calculate the greatest common divisor of 4086695 and 406870.
305
Calculate the greatest common divisor of 24427438 and 336.
14
Calculate the highest common divisor of 328533 and 13981.
41
Calculate the highest common factor of 148491693 and 4662.
2331
Calculate the greatest common divisor of 221581724 and 3458.
3458
What is the greatest common factor of 15 and 4698285?
15
What is the greatest common divisor of 5138 and 1084639507?
2569
What is the greatest common divisor of 18236 and 11468?
188
What is the greatest common divisor of 16 and 1773896?
8
Calculate the highest common factor of 5110 and 6616793.
73
What is the highest common factor of 3368 and 27716114?
842
Calculate the highest common factor of 67381937 and 44443.
6349
What is the highest common factor of 55550043 and 243?
243
What is the greatest common factor of 8113 and 765548?
133
What is the highest common divisor of 127481 and 88?
1
Calculate the highest common divisor of 17 and 57491552.
17
Calculate the highest common divisor of 1944589 and 5617.
41
What is the highest common factor of 440580 and 92400?
420
What is the greatest common divisor of 15 and 163624605?
15
What is the highest common divisor of 140 and 13465280?
20
Calculate the greatest common divisor of 33 and 1943534.
1
Calculate the greatest common divisor of 7441 and 6531072.
1063
Calculate the highest common factor of 147290 and 18282550.
1430
Calculate the greatest common factor of 1155448 and 1880.
376
What is the highest common divisor of 969528140 and 5?
5
What is the greatest common factor of 35712 and 9318879?
279
Calculate the greatest common factor of 2241138860 and 184.
92
What is the greatest common divisor of 5282975 and 550?
25
What is the greatest common factor of 308292 and 211113?
3351
Calculate the greatest common divisor of 66340 and 148180.
620
What is the greatest common factor of 26888504 and 16?
8
What is the highest common divisor of 133431 and 3239?
79
What is the greatest common factor of 2540027 and 357?
7
Calculate the highest common divisor of 780068 and 488.
244
What is the highest common factor of 21112 and 157992?
232
Calculate the highest common factor of 275844 and 4087704.
2172
What is the highest common divisor of 38 and 2420918?
2
Calculate the greatest common divisor of 26779239 and 86301.
387
What is the highest common factor of 14708255 and 15?
5
What is the greatest common factor of 21650 and 23860?
10
Calculate the highest common factor of 80811 and 126198.
1107
Calculate the highest common factor of 2401694 and 3658.
62
Calculate the highest common divisor of 68979743 and 37355.
7471
What is the highest common divisor of 232799636 and 2823?
941
Calculate the highest common divisor of 4155 and 165008900.
1385
Calculate the greatest common factor of 376 and 845338052.
188
What is the highest common divisor of 132 and 73417608?
132
What is the highest common factor of 5056474 and 3950?
158
What is the greatest common factor of 1025 and 6711290?
205
What is the highest common factor of 339 and 403164903?
339
Calculate the highest common divisor of 7918281 and 504.
63
What is the highest common divisor of 32799 and 257556?
39
What is the greatest common divisor of 7128 and 316727928?
2376
Calculate the greatest common factor of 101136 and 50208606.
1806
Calculate the greatest common divisor of 7160 and 9991780.
3580
What is the highest common factor of 381655 and 263255?
185
What is the highest common factor of 2775690 and 15?
15
Calculate the greatest common factor of 101886 and 2